 24 + 0?
7
What is 30 - 20 - (-5 - (-32 - 3))?
-20
What is -9 + 5 - 8 - -5?
-7
What is (2 - (0 + 0)) + 73 + -66 + 10?
19
What is (12 - -6 - 17) + -8 + 4?
-3
What is (20 - -8) + -11 + 20 + -16?
21
Calculate 0 + 20 + -11 + (33 - 19).
23
Evaluate 27 + -38 - (-3 - 11).
3
What is the value of (-35 - (-71 - -20)) + (-3 - (-14 - -1))?
26
Evaluate 4 + (8 + (-5 + 9 - 39) - -2).
-21
What is the value of -5 + (-8 - -15) + (-11 - -13)?
4
-16 + 3 + -12 - -14
-11
Evaluate (-3 - 59 - -10) + 24.
-28
What is -12 + -1 + (-10 - -10)?
-13
What is the value of -10 + 17 - (-2 + 13)?
-4
-2 - (11 - (-6 + 13))
-6
What is the value of 16 + -35 - (2 - 1)?
-20
Calculate (-14 - -13) + 1 + -2.
-2
Evaluate -8 + (6 - -3 - -15).
16
What is the value of 4 + (-14 - -12) - (4 - -9)?
-11
-43 - (20 - (36 - -19))
-8
(-6 - -5) + 11 + -6 + -5 - 2
-3
What is the value of (11 - 1) + -20 - -4?
-6
Evaluate 7 + (15 + -6 - 42).
-26
2 + 1 - (-5 + 4 + 17 + -13)
0
Evaluate 50 + -36 - (5 + -1) - (0 + 46).
-36
-16 + 16 + (14 - 8) + -11
-5
What is the value of -15 - (-10 - (-4 + (6 + -2 - 2)))?
-7
What is the value of -3 + (13 - 18 - -6) - 30?
-32
Calculate -2 - 1 - (6 + 9 + -33) - 3.
12
0 + 7 - (8 - -6 - (3 + 2))
-2
Calculate 5 + 2 + -1 - (29 + -20 + -9).
6
Calculate -6 + (7 - (32 + -15)) - -29.
13
What is -36 + 36 - ((-7 + 4 - 6) + -1)?
10
What is -5 + 5 + (-22 - (13 + -19))?
-16
Calculate (-35 - (-1 + -13)) + 0.
-21
Calculate (4 + -3 - (-12 + (-5 - -20))) + -5.
-7
-2 + -6 - -3 - (-8 - 2)
5
What is the value of 4 + -7 - 5 - 5?
-13
What is (-48 - -47) + (-2 - -7) + 1 + -2?
3
26 - 32 - ((2 - -3) + -18)
7
Evaluate 22 + 7 + -1 + -14 + -13.
1
Calculate (1 - 12) + 4 + -5 + 8 + 0.
-4
-9 + 0 - (-31 - (4 - 19))
7
14 + -7 - 15 - (-12 - -12)
-8
4 + -1 + (96 - 85) + -16 + 0
-2
18 - (-10 + (13 - 14) + 20)
9
(-26 - (-13 + 6 - 18)) + -1 + -1
-3
Calculate -1 - (9 + -2) - (-29 - -20).
1
Evaluate 6 + 11 + (-5 - 6).
6
What is the value of (-16 - (-4 - 7)) + (-20 - -26)?
1
What is the value of 11 + (-7 - -3 - 13) + 14?
8
What is 9 - 2 - ((9 - (7 - 1)) + 1)?
3
Calculate (-23 - -3) + 10 + 2.
-8
What is -1 + -6 + 7 + 10 + -19 + 16?
7
What is the value of 18 + -36 + (-10 - -14) - -21?
7
What is -1 + 5 + -7 + 8 - 8?
-3
Calculate -2 + (-16 - (-19 - 0)) - 28.
-27
What is the value of 0 + (-1 - (-7 + 31 - 14))?
-11
What is 41 + -23 + -13 + -30?
-25
Calculate 16 + (-13 - -4 - -5).
12
Calculate (-3 + 14 - 6) + 19 + 2.
26
What is -5 - (13 - (-8 - -19) - -11)?
-18
-7 + -3 + 29 + -13
6
6 + 11 + (-18 - 4) + 1 + 3
-1
What is the value of (2 + -5 - 4) + -11 + (40 - 38)?
-16
What is -11 + 14 - (0 - 6 - -7)?
2
Evaluate (18 - 2) + (-88 - -59).
-13
Evaluate -16 + (1 - (-1 - 9)).
-5
Calculate 5 + (-2 - 1) + -10 + -2.
-10
Evaluate -9 + 0 - (101 + -111).
1
Evaluate (9 - 1) + (-113 - -106) - (2 + -4).
3
What is the value of 23 + -24 + -11 + -1?
-13
What is -19 - (9 - 4) - -25?
1
Calculate (-29 - (6 + -1 + 6)) + 4 - -5.
-31
Calculate -1 + 14 + 305 + -327.
-9
What is the value of (3 - 2) + -5 + 15 + -21?
-10
Evaluate 9 - ((12 + 0 - 1) + 2).
-4
Calculate (-1 - 10 - -14) + 11 + 13.
27
(74 - 53) + (-10 - 1)
10
What is the value of 10 - -4 - (29 - 20)?
5
What is 0 + -4 + -1 + 3 + -1 + 2?
-1
What is (2 - 22) + -35 + 52?
-3
Evaluate -4 + (3 - -1 - 18) - (-9 - -7).
-16
What is the value of -1 - 4 - (12 + -4 + 1)?
-14
What is the value of 5 - (-4 + 1) - ((-9 - 8) + 8)?
17
-10 + 16 - (0 + 5) - 26
-25
3 - 0 - -1 - (-48 + 45) - 8
-1
6 + (10 + -11 - -2)
7
What is the value of -6 + -9 + (3 - (-11 - 2))?
1
-36 + 35 + -36 + 72
35
Calculate -33 - (-7 + (-8 - 14)).
-4
What is 4 + -2 + (-2 - -3) - (-84 + 82)?
5
Evaluate 24 - (-1 + 3) - (532 - 520).
10
What is the value of 8 + -2 + -5 - 2 - -11?
10
Calculate (-38 - -1) + (2 - -5) + 9 + -1.
-22
Calculate 9 - 5 - (-21 - -20).
5
(3 - (-14 + 13)) + (-11 - -3) + 11
7
Evaluate (21 - 15) + 4 + -8 + -4 - -11.
9
What is the value of 2 + (2 - 2 - (16 - 18) - -4)?
8
What is the value of 8 + (5 - -3) + -8 + -6?
2
What is -10 + -2 + (3 - -5) + -7?
-11
(-2 - (-2 - 2)) + -2 + 9
9
Calculate 15 - (-4 + -9) - 17.
11
(4 - (19 - 6)) + -1 + 0 + 1
-9
What is -20 + (29 + 9 - (-6 + 4))?
20
What is -2 + (6 - -1) + -22 + 4?
-13
9 + (2 - -7) + (-9 - 1)
8
Evaluate -5 - ((-26 - -8) + 10 + -3) - -26.
32
Evaluate -17 + 14 + -25 + 6 + 9.
-13
Evaluate -4 + -2 + -3 + 19 - -2.
12
Evaluate 26 + -8 + 0 - 10 - 11.
-3
Evaluate -70 - -75 - (2 - (3 + -7 + 1)).
0
What is (-1 - 13) + (954 - 959)?
-19
Evaluate -182 - -183 - (-8 - -4 - (-2 - 2)).
1
(8 - -3) + -25 + (4 - (-2 + 3))
-11
Evaluate (4 - (6 + -11)) + -2 - (2 - -3).
2
Evaluate (-2 - (-1 + 5)) + 10 + (43 - 17).
30
-2 + 11 + (-16 - 0)
-7
115 + -123 - (1 - 0) - 4
-13
Evaluate (10 - 1) + 17 + -13 + -6.
7
Evaluate 62 + -66 - (-16 + -1).
13
What is -1 + -60 + (83 - 52)?
-30
What is the value of 0 + 7 - -1 - 5 - (1 - -17)?
-15
Calculate 8 + 3 + (-3 - 2) - 8 - 8.
-10
What is the value of (-20 - (15 - 16)) + 10?
-9
What is the value of -22 + 10 - -7 - (3 - 16) - 0?
8
What is -13 - -17 - (6 + -9 + (4 - 1))?
4
Evaluate -9 - (2 - 10) - 3 - (-4 - 4).
4
Calculate 7 - (-7 + -1 - (56 - 68)).
3
What is 1 + -22 + (22 - 14) + (4 - 0)?
-9
What is 8 - (-8 + -2 + 1 - -10)?
7
2 + (-24 - 2) + 20
-4
What is -17 + -3 - (8 + -13) - (0 - 4)?
-11
Evaluate -25 - ((9 - 15) + (13 - (10 + -5))).
-27
-28 + (-12 - -24) + (4 - 6)
-18
What is the value of (-4 + -1 - -13) + (0 - 17)?
-9
Calculate -6 - 2 - -19 - (5 + -1 - 0).
7
What is the value of -160 + 168 - (0 + 15)?
-7
What is (-10 + -5 - 11) + 22?
-4
What is (6 - (-5 + 4)) + (-31 - -26)?
2
What is 1 - (-4 - (10 + -4))?
11
Evaluate (5 - 4) + 0 + 6 + (28 - 34).
1
-922 - -912 - (13 - 1)
-22
What is -19 - 1 - (62 + -2 - 54)?
-26
Evaluate -1 + (-2 - -2) + (-5 - 1) + 16.
9
Calculate -6 + 1 - (3 + -24 + 12).
4
Calculate -10 + (-1 - (-5 - -4)) + -1 + -4.
-15
Calculate -10 - (-26 - -20 - -20).
-24
Evaluate 12 + 14 - 22 - (0 + -2 + 0).
6
Evaluate (20 - 9) + (26 - 2) - 18.
17
What is 5 + -4 + 7 + 1 + -8?
1
What is -4 + 5 + -22 + -2?
-23
(-1 - (3 - -7)) + -471 + 470
-12
What is the value of (3 - -5 - (-1 - (-8 + 3))) + -7?
-3
Evaluate -113 - -111 - (1 + -29).
26
0 - ((-7 - (-3 + -8)) + -1 - 11)
8
Evaluate (2 - 2 - -6) + -3 + 0.
3
What is 1 - 7 - (35 + -18 - 18)?
-5
Calculate 16 + (-6 + -10 - -8).
8
What is the value of -1 + -3 + -4 + -36 + 47?
3
-11 + 9 + -7 - 12
-21
Calculate (2 - -2 - 0) + -40 + 35.
-1
What is the value of -126 - -132 - (15 - 0)?
-9
What is the value of (-2 - -1 - (2 + -7)) + (-2 - -5)?
7
What is the value of (11 - 3) + (0 - 0 - -3 - -1)?
12
Evaluate (7 - (14 + 18 + 2)) + 7.
-20
What is (1 - 28 - -2) + (7 - 0) + -4?
-22
1 - (10 + -8) - (-2 - -5 - 21)
17
What is the value of (-6 - (-41 - -43)) + (-7 - 1)?
-16
What is the value of -24 - (20 + 4 + -33)?
-15
What is -1 + -4 + (-12 + 13 - -3)?
-1
What is 11 - (13 - (13 + -4) - -4)?
3
0 - (-3 + -5) - (14 + 9 + -21)
6
Evaluate 12 + (-29 - -6) - (-3 + (1 - -7)).
-16
(12 + -3 - 11) + (-5 - 8)
-15
Calculate -8 + 7 + (-26 - 2) + (-9 - -6).
-32
Evaluate -36 + (-32 - -74) + 11.
17
Calculate -50 + (14 - -22) - (-2 + -3).
-9
What is the value of (6 - (12 + -22)) + -26?
-10
Evaluate (0 + -5 + -7 - -5) + 1 + 14.
8
What is 14 + (12 - 20 - (1 - 13))?
18
1 + -46 + -3320 + 3327
-38
-6 + 8 + (2 - (-3 + 9)) + -1
-3
What is the value of -1 - 3 - (-44 + 61 - (10 + 2))?
-9
What is the value of (-35 - -57 - 24) + -32?
-34
Evaluate 11 - (-15 + 15) - 27.
-16
What is -15 + 29 + (-46 - -31)?
-1
(1 - -1) + (-4 - -3) + (-53 - -78)
26
27 + (15 + -25 - 11)
6
What is 30 - (-28 - (-64 + 9))?
3
Calculate -4 + 18 + 20 + -40.
-6
What is (-2 - -23) + -186 + 173 + -16?
-8
What is 149 + -137 - (-1 + -1)?
14
Calculate -7 + (-18 - (-2 - (7 + (-9 - -5)))).
-20
What is -5 + (12 - -2) + 3 + (0 - 6)?
6
Calculate (-4 - (12 + -3)) + -4 + (6 - 2).
-13
Evaluate (15 - 20) + 2 + 7 - 2.
2
19 + (-8 - -5) + 1
17
Calculate 23 + (-9 - 7) - 18.
-11
Evaluate -13 + (15 + 3 - (1 + -4)).
8
(10 - (-5 + 3)) + -10
2
Calculate -25 + (-12 - (-15 - (-10 - 0)) - -12).
-20
-3 + 6 - (8 + (-2 - 0) - 13)
10
Evaluate -10 + -2 + 35 - 18.
5
1 - 0 - (30 - 21 - -11)
-19
What is the value of 1 - 19 - (-553 - -541)?
-6
What is the value of -43 + -1 + 45 + (37 - (-5 - -3))?
40
Evaluate -15 - (-47 + 17 - -3).
12
Evaluate -1044 + 1047 + (-1 + 1 - (-2 + 2)).
3
Calculate 7 - (-5 + 25 + -16 + 8).
-5
